omposite number?
True
Is 32205960391 composite?
True
Is 2168761489 a composite number?
False
Is 6022948807 a prime number?
True
Is 1142925077 a composite number?
True
Is 725707347 a prime number?
False
Is 1345660181 composite?
False
Is 404514419 composite?
False
Is 15437640497 a composite number?
True
Is 17296369567 composite?
True
Is 15001456501 a prime number?
True
Is 21006388199 a composite number?
False
Is 236411939 prime?
False
Is 77023887251 a composite number?
True
Is 9443477443 a composite number?
False
Is 35562520237 a prime number?
False
Is 4073636681 composite?
True
Is 3326057689 composite?
False
Is 82684841 prime?
False
Is 4685208359 composite?
True
Is 19169928889 composite?
False
Is 64394107 composite?
False
Is 30013644239 composite?
True
Is 482374363 a composite number?
False
Is 576929957 a composite number?
False
Is 6439133641 prime?
True
Is 38868788297 prime?
True
Is 5182430711 composite?
False
Is 29686856431 a composite number?
False
Is 18148715987 composite?
True
Is 661040147 a composite number?
False
Is 677422237 a prime number?
True
Is 26286929741 composite?
True
Is 7036756222 a composite number?
True
Is 11782991807 prime?
True
Is 610191839 prime?
True
Is 6666018511 composite?
False
Is 3536615419 prime?
True
Is 8368069993 composite?
False
Is 581594641 prime?
False
Is 1926877587 composite?
True
Is 40853976763 prime?
True
Is 56788764983 a prime number?
False
Is 1748101247 composite?
False
Is 34577469373 a prime number?
True
Is 8832144569 prime?
True
Is 7022455951 prime?
False
Is 350181263 a composite number?
False
Is 12423043 prime?
False
Is 954596557 a composite number?
False
Is 141012679 prime?
False
Is 708192887 composite?
False
Is 186125273033 a composite number?
True
Is 591181199 a prime number?
False
Is 6132598567 composite?
False
Is 72895709373 a prime number?
False
Is 2972495234 a prime number?
False
Is 158851484483 a prime number?
True
Is 708249419 a composite number?
True
Is 10266671579 a prime number?
False
Is 21180836071 a prime number?
False
Is 4554242363 a prime number?
False
Is 544763551 prime?
True
Is 464834005 a composite number?
True
Is 18683922841 a composite number?
False
Is 1186711451 a composite number?
False
Is 2832855841 a composite number?
False
Is 6745740973 composite?
False
Is 2098922489 prime?
True
Is 26653540217 a prime number?
True
Is 902049619 composite?
False
Is 5920385489 composite?
True
Is 2737016207 a composite number?
True
Is 233956651 a composite number?
False
Is 5543921609 a prime number?
True
Is 31359055337 a prime number?
True
Is 688272239 prime?
True
Is 16101939947 composite?
False
Is 49209213283 a composite number?
False
Is 6376322833 prime?
True
Is 3826402733 a prime number?
False
Is 16217957629 a prime number?
True
Is 11722862639 composite?
True
Is 1745181931 prime?
True
Is 1501323791 a prime number?
False
Is 2365226701 prime?
False
Is 10770966761 composite?
False
Is 47198555083 a prime number?
True
Is 6707079199 prime?
True
Is 71608060723 composite?
False
Is 1929398215 a prime number?
False
Is 22087968247 composite?
True
Is 1577329307 composite?
False
Is 1276337959 prime?
False
Is 37479137 a prime number?
False
Is 4012977169 a composite number?
False
Is 29532935359 a composite number?
True
Is 24795793151 a prime number?
False
Is 267571735679 prime?
False
Is 374997011 prime?
True
Is 20171141651 a composite number?
True
Is 125536613 a composite number?
False
Is 4456173019 a composite number?
True
Is 1222187269 composite?
False
Is 1496208169 a prime number?
True
Is 6203112247 a prime number?
False
Is 117291077899 a prime number?
True
Is 13326078349 prime?
True
Is 19868588969 composite?
False
Is 5124050933 a prime number?
True
Is 2351816627 prime?
True
Is 2478848261 prime?
True
Is 843758303 a prime number?
True
Is 29470236713 a prime number?
True
Is 3880567343 prime?
False
Is 577744289 a composite number?
True
Is 612783781 prime?
False
Is 870198419 a prime number?
True
Is 4401319957 a composite number?
False
Is 9283200061 a prime number?
False
Is 3971683979 a prime number?
True
Is 157703153 a composite number?
True
Is 950909273 a prime number?
True
Is 1541489561 a prime number?
False
Is 4078345847 prime?
True
Is 2420380349 a composite number?
False
Is 5419267601 prime?
False
Is 366687113 a composite number?
True
Is 20612329307 composite?
False
Is 347384691653 composite?
False
Is 99964975339 a prime number?
False
Is 181916197 a prime number?
False
Is 3359048423 a composite number?
False
Is 1981592701 composite?
True
Is 1430664811 a composite number?
False
Is 4977043499 a composite number?
False
Is 226345567 composite?
True
Is 2069250041 composite?
True
Is 14201949469 a composite number?
True
Is 954191053 a prime number?
False
Is 25894879279 composite?
True
Is 3823340747 a prime number?
True
Is 18782511439 a prime number?
True
Is 156419 prime?
True
Is 53513191623 a composite number?
True
Is 1707492407 a composite number?
False
Is 1135413551 composite?
False
Is 43168484537 composite?
True
Is 709743653 composite?
False
Is 1319328991 a prime number?
True
Is 28801150379 composite?
True
Is 19332999407 prime?
False
Is 2613123479 a prime number?
False
Is 7257907127 composite?
True
Is 1090235693 composite?
False
Is 371699191 a prime number?
True
Is 1012421185 composite?
True
Is 313793743 composite?
False
Is 9847836169 prime?
False
Is 4779515669 a prime number?
False
Is 13398379 a prime number?
True
Is 23270283217 a prime number?
True
Is 1073211869 composite?
False
Is 544449289 prime?
True
Is 630884719 a prime number?
True
Is 3183259 prime?
True
Is 1208057191 a prime number?
False
Is 259859489 a composite number?
False
Is 44305222867 prime?
False
Is 9638159873 composite?
True
Is 67527502139 a composite number?
False
Is 455546893 a prime number?
False
Is 3002587743 prime?
False
Is 7840752341 a composite number?
False
Is 11792389849 composite?
False
Is 22114473457 composite?
False
Is 104564099 composite?
False
Is 36909013049 a prime number?
True
Is 35654326223 composite?
True
Is 18306551369 a prime number?
False
Is 16313153827 a prime number?
True
Is 1182300937 composite?
True
Is 4841836774 prime?
False
Is 22096355971 a prime number?
True
Is 1479549959 a prime number?
True
Is 33015013517 composite?
False
Is 852440353 a prime number?
False
Is 5557885961 composite?
True
Is 9275368411 a prime number?
False
Is 27415747423 a prime number?
False
Is 25841611045 a composite number?
True
Is 10507503049 prime?
True
Is 5649700999 a prime number?
True
Is 1124066917 prime?
True
Is 1997152786 prime?
False
Is 562980865 a prime number?
False
Is 5638233193 composite?
True
Is 4032583474 a composite number?
True
Is 2167962747 a prime number?
False
Is 582971951 a composite number?
False
Is 1164782351 composite?
False
Is 63285100883 composite?
True
Is 5968481 prime?
True
Is 1775530369 composite?
True
Is 359017031 a composite number?
True
Is 464205691 composite?
False
Is 15500628079 composite?
False
Is 2726064059 a composite number?
True
Is 617166311 a composite number?
False
Is 479599069 prime?
False
Is 103585948385 a composite number?
True
Is 35842821873 prime?
False
Is 13923096802 a composite number?
True
Is 315228971 a composite number?
False
Is 80118601019 a prime number?
True
Is 3388853003 prime?
True
Is 1694953433 prime?
False
Is 57619991809 a prime number?
True
Is 32908100699 a composite number?
True
Is 3314045057 composite?
False
Is 106888697 composite?
True
Is 3068159557 a composite number?
False
Is 9110872787 composite?
False
Is 820547699 prime?
False
Is 5219116131 prime?
False
Is 66370972469 a composite number?
True
Is 1279791121 a prime number?
False
Is 94719998507 a prime number?
False
Is 17382948619 a prime number?
True
Is 422489579 prime?
True
Is 470211835 a prime number?
False
Is 1825487879 prime?
True
Is 122775271 a prime number?
True
Is 181087813 a prime number?
True
Is 14820810839 a composite number?
False
Is 62220737539 prime?
True
Is 403223243 prime?
True
Is 26277869333 composite?
True
Is 2219266265 a composite number?
True
Is 18864235843 prime?
True
Is 1216051153 a prime number?
True
Is 4221732703 a composite number?
False
Is 3346471589 a prime number?
True
Is 19530079237 prime?
True
Is 883807807 a composite number?
True
Is 1172669893 prime?
False
Is 345978461 prime?
False
Is 14553281957 comp